 -17 + -1 - -30 - (45 + (4 - 9)).
-28
What is the value of -7 - -89 - (123 - 114)?
73
-18 - (-25 + 7) - 12 - 8
-20
Calculate 14 - (0 - 0 - -2) - (-7 + 64 + -66).
21
What is -82 - -93 - 28 - (-68 - -1)?
50
What is the value of (53 - (3 - 1)) + -1279 + 1257?
29
What is the value of (-182 - -89) + (134 - 5)?
36
(-64 - -34) + 125 + -36
59
Evaluate -1 + 2 + -4 - (-26 - -29) - (54 + -62).
2
129 - 123 - (9 - 46)
43
-23 + (5 - (-42 - (-8 + 11)))
27
Calculate -7 + (36 - 15) + -8 + -6 + 36.
36
Evaluate 6 + 7 + 0 + (-1 - (-7 - -6)) + -82.
-69
Calculate -46 + (-9 - -36) - (-4 - 1).
-14
Evaluate 598 - 604 - (-25 - (-1 + 2) - 2).
22
What is the value of -67 + 1 - (20 + -4 + (-27 - (-10 - 0)))?
-65
What is (19 - (-6 + -1)) + (10 - 54)?
-18
What is 22 + 10 - ((3 - -4) + 0 + -11)?
36
What is the value of 110 + (48 - (48 - -5) - -35)?
140
Evaluate 73 - (-26 - -164 - -30).
-95
Calculate 125 - (146 + -1) - (7 + 1).
-28
What is the value of -42 + -59 + 158 - 101?
-44
What is (-7 - -14) + -1 - ((27 - -3) + 5 + -1)?
-28
What is (0 + 33 - (79 + -10)) + 48?
12
Calculate -55 - -24 - (-3 + -6) - -41.
19
Calculate 3 + 6 + -6 - (-27 + 36 + (15 - -1)).
-22
Evaluate -355 - -480 - (60 + -20).
85
(-1133 + 1132 - (2 + -8 + 4 + -2)) + 58
61
Evaluate 32 + (19 - -6) + -10.
47
Evaluate -3 + (4 - 20) + 8 + 10.
-1
What is the value of (-2 - 3) + (114 - -11) - (14 - (6 + 1))?
113
81 - (46 - -11) - (-1 - -7)
18
What is 23 + -4 + (-6 - 24) + (0 - 4 - 49)?
-64
Calculate 10 - (108 + -130 + 47).
-15
5 + -6 + -6 + 1 + 7 - (4 + 3)
-6
What is the value of -33 + (90 - (100 + -19))?
-24
What is -45 + (-8 - ((-6 - -2 - 10) + 6))?
-45
Calculate -70 + -1 + 2 + (55 - 32).
-46
(87 - 0) + 0 - (-1515 - -1461 - (-49 + -2))
90
Calculate 16 + (-16 - -4) + -8 + -12.
-16
What is 5 + (21 - (0 + 8) - (1 + 42))?
-25
Calculate -142 + 116 + 90 - 129.
-65
What is 34 - (-34 + 36) - (22 - 6)?
16
What is (-111 - (-527 + 432)) + 1 + (-14 - -1)?
-28
105 - -46 - (-4 - (-40 - 7))
108
Calculate -33 + 66 - (-23 - -1).
55
What is the value of (-53 - -1) + -1685 + 1699?
-38
(-51 - -97) + 22 + -16
52
Evaluate 115 - (70 + 26) - 114.
-95
What is the value of 0 + -7 + 31 + (-14 + 18 - 1)?
27
Calculate (2 + -1 - -113) + -52 + 10 + -4 + 35.
103
Calculate 10 + (93 - 93) + -13 + 5.
2
Calculate (-1 - -6) + (9 - (-13 + 25)) + -12 - -13.
3
What is the value of (-2 - -25) + 22 + (-3 - 61)?
-19
14 - (-10 + -1 - (-13 + 3 - -4))
19
What is the value of -25 - -2 - -4 - (-37 - 28)?
46
53 + (18 - -5) + 37 + -10
103
What is (-3 - (-3 - 50)) + (-5 + 2 - 4) + 2?
45
What is (1 - 3) + 32 + 6?
36
48 + (-14 - -12) + 6 + (-19 - -6)
39
Calculate (17 + 7 - 8) + (-6 - -1) + -10.
1
Evaluate 42 + (24 - (4 - -20)) + -58.
-16
Calculate -1 - (-3 - -3) - (-918 - -904).
13
Calculate (-1295 - -1350) + (1 - 27) - -68.
97
What is the value of -44 + (44 - -7 - -11)?
18
-5 - ((1 + 11 - 0) + (507 - 509))
-15
What is the value of (-58 - -67) + (-1 - (-4 - -1)) - (1 + 48)?
-38
Calculate (-2596 - -2640) + -28 + 0.
16
1 + 0 - (28 + -45 + -36 - -47)
7
Evaluate 0 + -12 - (153 + -259 - -173).
-79
What is the value of (1 - (8 + -1)) + (1 - (50 + -17))?
-38
What is 0 + (-4 - -2 - -19) + (-2364 - -2391)?
44
Calculate 10 + 3 - (70 + -4 + 16 + -38 + 34).
-65
Evaluate 15 + (-32 - 20 - -19) + 9 - -113.
104
Evaluate -10 + 8 + (337 - 371).
-36
Calculate (-93 - -84 - (2 - (28 + -2))) + -7 + -33.
-25
What is (27 - (1 + (-3 - -8)) - -7 - 12) + 112?
128
Calculate 14 + 8 + (36 - 59).
-1
Evaluate -1 + 11 - (8 + 9 + 4 + (-9 - 8)).
6
124 + (21 - (-6 + 40)) + -24
87
What is the value of 14 + -33 - -58 - 98?
-59
-4 + 180 + (2580 - 2636)
120
Calculate (59 - (24 + -12)) + -16 + -13 + 0.
18
What is 42 - (89 + -15 + -46)?
14
What is the value of (-6 - -40) + (-15 - 9) - (1 - -1) - 74?
-66
Evaluate -8 - (-12 + 35 - (19 - 19)).
-31
17 + 69 + -3 + (8 - (-1 - 4))
96
(-1 + (-17 - 0) - -77) + -9
50
Evaluate -10 + (-44 - ((-13 - (-8 + -1)) + 0)).
-50
-63 + (73 - 73 - (-16 + 0))
-47
(-13 - (-30 - -43)) + 17 + -50
-59
What is the value of 18540 + -18534 - (1 - -60)?
-55
Calculate 2 + (44 - 7) + -17 + (25 - 17).
30
119 - (161 - (39 + -133))
-136
What is (4 + 36 - -11) + -17?
34
What is the value of 63 - (69 + -167 + 222)?
-61
Calculate -8 - (-21 + -1 + (-148 - -67) + 22).
73
What is -6173 - -6220 - (-1 + 48)?
0
What is the value of 20 + -12 + 2 + 1 + (2 - -7) - -1?
21
Evaluate 11 - -35 - 5 - (-531 - -493).
79
Calculate -1 + -2 + 9 + -88 + 107.
25
Evaluate -9 + (8 - (5 + (-71 - 19))).
84
-17 - -11 - -20 - 15 - (1 + 96)
-98
Evaluate -70 + -1 + (36 - (12 - -24)).
-71
Calculate (38 - 50) + (11 - 22).
-23
-52 + -1 + (5 - (-25 - -18)) - 6
-47
(8 - -78) + (-17 - (-1 - (7 - 1))) - 8
68
Calculate (-43 + -60 - -91) + -28.
-40
Evaluate 12 + -103 - (-173 - -193 - (2 - (-5 - -2))).
-106
-190 + 71 + 98 + (0 - -11)
-10
What is the value of (15 - ((42 - 29) + -10)) + -4 + (-1 - 14)?
-7
(16 - (1 - 4 - -6)) + 131 + -151
-7
Evaluate -1 - (-11 + 2) - 11 - (-42 + 29).
10
Evaluate 3 - 22 - (-59 - (-38 - -3 - -11)).
16
Calculate -28 + (-8 - -37) + -83 + 41.
-41
91 + (-9 - -1 - (104 + -200 + 105))
74
(2 - 5) + (20 - 15) + -8 - -15
9
(21 + 22 - 33) + -33 + 30
7
What is the value of 3 + 1 - (295 + -324 - (1 - (-5 + 1)))?
38
Evaluate 26 - ((48 - 13 - 29) + -8).
28
Evaluate 9 + 85 + (0 - -1 - 2) + (3564 - 3552).
105
-20 + 19 - (-4 - -2 - 0 - 29)
30
(246 - 0) + (32048 - 32173)
121
What is -21 - (-9 + 16 - 0 - (-3 + -1 + 1))?
-31
Calculate (-10 - -21 - 7) + (6 - 43).
-33
Calculate 54 + (7 - (-30 - -47)).
44
What is -6 - ((45 - -2 - 122) + 11)?
58
-103 - (-62 + -37) - (29 + 0)
-33
Calculate (123 - 111) + -42 - 2.
-32
-115 + (4 - 4) - (-1494 - -1459)
-80
What is (37 - (-142 - -79)) + (-1 - 15)?
84
What is the value of (1 - 17) + (81 + -8 - 61) - (-18 + 0)?
14
What is the value of -19 - (-16 + 8 - ((0 - -2) + (7 - 8)))?
-10
Evaluate 399 + -566 + 0 + 51.
-116
What is 99 + -171 + (-1 - 1) + (-20 - 4 - -16)?
-82
What is 153 + -212 + (2 + 6 - 26)?
-77
53 - ((-28 - -46) + 50)
-15
136 + (-18 + 52 - 70 - (-17 + -1))
118
Calculate -158 + 92 - (-1 + (-15 - 2)).
-48
-12 - -1 - (-23 - (-10 - 4 - -13)) - -21
32
What is the value of (-4 - (12 + -25 - -14)) + -16?
-21
-3 + (-5 - (97 - 204))
99
What is 15 - (-70 + (94 - -31))?
-40
Evaluate 3 + (-7 + (7 - -9) - (0 - (-10 - -6))).
8
What is -70 - (74 + -85 + -149)?
90
Calculate -18 + (-47 - -25) + 54 + 6.
20
What is the value of 4 + (-14 - -24) + 17 + (10 - -1)?
42
What is 3 - 2 - (41 + -4 - 15)?
-21
What is 19 + (122 - (-79 - -175))?
45
What is the value of 5 - (3 + 2) - (-48 - (-8 - 9)) - -12?
43
(82 + -196 - -27) + 74
-13
What is the value of 30 + -35 - (25 - (-2 - 3))?
-35
Calculate 6 + -10 + -14 + 2 + 3 - (-59 - -16).
30
Calculate 7 - ((0 - -2) + 34 - (1 + 9)).
-19
What is 2 + (101 - 0) + (24 - (-31 + 27 + 28))?
103
Evaluate -35 + (-50 - (-75 + -19)).
9
What is the value of -78 - (-78 - (7 - -65))?
72
Evaluate -4 + -9 + (1 - -1) - (-113 + -18 - -14).
106
-8 - -46 - (35 - 17) - 46
-26
Evaluate 31 + 8 + -210 + 114.
-57
What is 12 + 82 - (-43 + 22 + -28 + 30)?
113
What is the value of (-50 - 57 - -107) + (-13 - 0) + 18?
5
Calculate (1 - -39) + (-317 - (20 - 297)).
0
What is the value of 2 - (17 + 58 + -74)?
1
-10 - (0 + (55 - 19) + -19)
-27
15 - (-17 - ((-22 - -38) + -57))
-9
What is the value of 0 + -45 + -12 + 15 + -13 + -13 + 28?
-40
3 - (30 - 14) - (0 - (2 + -8))
-19
Calculate -5 + (-3 + 1 - (-1 + (-54 + -7 - -10))).
45
What is (9 - 8) + (-23 + 15 - (-5 + 3)) + -60?
-65
Calculate 20 + 2 + 153 + -134 + -19.
22
What is the value of ((14 - -15 - 12) + -21 - -12) + -12?
-4
Evaluate (-21 - (35 + 3)) + (-3 - (3 + (-3 - 3))).
-59
-7 + 38 + 18 + -49
0
Evaluate (1 - (-3 + 6 + 2)) + -125 + 98.
-31
65 + -58 + 33 - 38
2
Calculate 6542 + -6519 + (0 + 1 + -1 - 10).
13
Evaluate (1042 - 1032) + 1 + 13.
24
52 - (4 + 12 + 30 + -31)
37
Evaluate -14412 + 14218 - (0 - 91).
-103
Calculate -122 - -120 - ((-4 - -1) + (-1 - -52)).
-50
(-13 + 23 - 22) + (-4 - 8)
-24
1 + -89 - (-402 - -375)
-61
Evaluate 2 - (43 - 8 - 9 - 11 - 77).
64
What is (20 - (-17 + 28 - 6)) + 5?
20
What is -16 - (12 + (5 - -19) + -19)?
-33
What is (41 + -84 - -81) + -57?
-19
What is the value of -1287 + 1322 - (57 + 0)?
-22
What is the value of (7 - 4) + 0 - -27?
30
Evaluate (-3 + 7 - 50 - (228 + -237)) + 11.
-26
Evaluate (0 - -8) + 3 - ((-18 +